= 421*u - 348*u. What is the units digit of u?
2
Suppose -935479 = -14*j - 3*d, 8*j - 2*d = 12*j - 267290. What is the ten thousands digit of j?
6
Let u be (11 + -1 - 1)*1 + -4. Suppose 3*f = 15, u*m - 4*f + 0 - 5 = 0. Let d(v) = v**2 + v - 6. What is the units digit of d(m)?
4
Let h = -114 - -115. What is the units digit of (28 + -29)*h*-86?
6
Suppose -5*y - 5*d = -17790, 15*y + 2*d = 18*y - 10654. What is the tens digit of y?
5
Let i = -13393 + 23699. What is the ten thousands digit of i?
1
Let o(z) = -2*z**3 + 81*z**2 + 126*z - 165. What is the units digit of o(35)?
0
Let q(h) = -1248*h - 853. What is the hundreds digit of q(-8)?
1
Let m = -7539 + 15121. What is the hundreds digit of m?
5
Suppose -2268 = -11*b + 4156. Let y = -379 + b. What is the units digit of y?
5
Let q = 15 - 22. Let a(b) = b**2 + 2*b - 31. Let w be a(q). Suppose x = w*f - 613, 2*f - f = -x + 147. What is the hundreds digit of f?
1
Suppose 62*n + 11940 = -v + 63*n, n = 5*v + 59712. What is the hundreds digit of 16/20 + -5 + v/(-15)?
7
What is the thousands digit of (142/(-46) - -3) + 19193955/1265?
5
Let t be 17/(102/1044)*(0 - -1). Suppose -3*h = -b - 888, -126 = -h - b + t. What is the hundreds digit of h?
2
Suppose 3*i + 4*a = 24367, -i = 5*a - 7465 - 672. What is the units digit of i?
7
Suppose -6*b + 10 = 70. Let d = b - -46. Suppose -3*s + 46 + d = x, -x = 4*s - 108. What is the units digit of s?
6
Suppose -x - 1 + 5 = 2*i, 0 = -3*x + 5*i - 10. Suppose x = -3*b - 4*b + 3444. What is the tens digit of b?
9
Let q = 28172 + -7868. What is the hundreds digit of q?
3
What is the tens digit of 9/((-27)/(-16446)) + 1 + -4?
7
Let s(b) = -b - 5*b + 10 + 4*b + b. Let g be s(10). Suppose -2*i - i = -5*h + 186, g = -2*h - 3*i + 87. What is the tens digit of h?
3
Suppose 12 = -3*p - 6. What is the hundreds digit of ((-303)/12 + 2)*32/p?
1
Let p be 2*(5/(-10) - -4). Suppose -p = -3*o - 4. What is the units digit of (o/2)/(4/1192)?
9
Suppose -547*u - 3*y + 23403 = -544*u, -4*u + 31172 = -4*y. What is the thousands digit of u?
7
Let b be (-2)/30*-39 + (-2)/(-5). Suppose -5*p = -r - 18, -b*r + 2*p = 23 - 8. What is the hundreds digit of 4/(-6) + (-634)/(-6) + r?
1
What is the ten thousands digit of 165878/8 - (531/36 + -17)?
2
Let c be (-164)/(-2 + 0) + (-3 - -6). What is the units digit of 2114/10 - (-51)/c?
2
Let w(f) = 2*f - 7. Let t be w(5). Suppose -2*u + 14 = 5*n, -t*u + 0*u - 5 = n. Suppose -g + 17 = n*r, -r + 3 = -3*g + 15. What is the units digit of r?
3
Suppose -213*y + 5315986 = -41*y - 1412482. What is the tens digit of y?
1
Suppose 14*l - 7*l = 42. What is the tens digit of (65/l)/((-7)/105)*-2?
2
Let c = 1074 - 366. Suppose 0 = 4*q + z - 700, -c = -4*q + 4*z - 7*z. What is the tens digit of q?
7
Let g = -16 - 37. Let m = g - -47. What is the tens digit of (4/m)/(24/(-756))?
2
Let t be ((-4)/(-10))/((-1)/(-5) + 0). Suppose 4 = -t*g, -2*o - 1097 = -7*o - 4*g. Suppose 3*d - o = 2*x, 0 = 3*x + 3 + 9. What is the tens digit of d?
7
Let i = 152 + -71. Let q = i - -35. What is the hundreds digit of q?
1
Let l = 29 - 24. Suppose 0 = -y + l, 4*y - 635 = -2*r + 5*y. What is the tens digit of r?
2
Suppose 4*z + 5*b - 17872 = 0, 5*b + 12488 = 2*z + 3522. What is the hundreds digit of z?
4
Let j(v) = v**3 + 2*v**2 - 23*v - 7. Let x(u) = 3*u**3 + 4*u**2 - 68*u - 20. Let o(l) = -7*j(l) + 2*x(l). What is the hundreds digit of o(-14)?
2
Let r = -250 + 252. What is the hundreds digit of (r - (-4)/(-2)) + (9 - -325)?
3
Suppose -61*a + 179157 = -188255 - 177440. What is the units digit of a?
2
Suppose -2*p - 3*w - 16 = 0, p - 5*w - 5 = -0. What is the units digit of ((-5)/2 + 0)/(p/50)?
5
What is the thousands digit of 1/((-6)/27 - (-72428)/325764)?
9
Let c be (-6)/45 - 1773/(-135). Suppose 95 + 4065 = c*r. What is the units digit of r?
0
Let h(v) = 3*v**2 + 8*v + 6. Let o be h(-2). Suppose 7*c - 3*c = -o*u - 52, 5*u + 130 = -3*c. Let f = -7 - u. What is the tens digit of f?
1
Suppose -32*n + 10*n + 748 = 0. Suppose n*a - 17255 = -323. What is the tens digit of a?
9
Let f(z) = -8*z - 44. Let r be f(-28). Let n be ((-43)/4)/((-15)/r). Suppose -n - 141 = -10*a. What is the tens digit of a?
2
Let t(b) = -954*b**2 - 10*b + 1. Let r be t(1). Let z = r + 1071. What is the tens digit of z?
0
Let r be (-3)/((-1)/17 - 0). Suppose 0 = 4*n - 5*n + 2*s + 164, 0 = s. Let l = n - r. What is the hundreds digit of l?
1
What is the ten thousands digit of (-17)/(204/30960)*(27/(-4) - 1)?
1
Let d = -5684 + 8700. What is the tens digit of d?
1
Let b = -1189 - -1739. Suppose 4*c + 5*z = 3199, c + 2*z - b = 246. What is the units digit of c?
6
Let o(r) be the first derivative of -r**4/4 - 3*r**3 - 23*r**2/2 - 6*r - 46. What is the hundreds digit of o(-10)?
3
Suppose y - 1118 = -5*g, 4515 = 5*y - 2*g - 940. Suppose -4*r = -y + 153. What is the tens digit of r?
3
Suppose 5*n + 12 = -18. Let j(o) = 9*o**2 - 12*o - 32. What is the tens digit of j(n)?
6
Let b(g) = 17*g**2 - 3*g + 9. Let u be 3/1 + 0/(4 + 2). Suppose 2*f + 5*d + 1 = 0, 4*f + u*d - 8*d = 13. What is the units digit of b(f)?
1
Let x(s) = s**3 + 66*s**2 + 213*s + 79. What is the thousands digit of x(-60)?
8
Suppose 55*g - 8 = 51*g. Suppose 0 = 3*y + 3 + 12, -g*y + 62 = 2*i. What is the tens digit of i/1 + (14 - 12)?
3
Suppose 16887*y - 16 = 16891*y. Let b(r) be the first derivative of 5*r**3 + 6*r**2 - 3*r - 2. What is the units digit of b(y)?
9
Let p(o) = 4*o**2 + 6*o + 61. Let c be 2*(-51)/12 - (-16)/(-32). What is the hundreds digit of p(c)?
3
Let f be (240/18)/20 + (-2)/3. Let s be (-2)/(-4)*(0 + 0). What is the units digit of 16*((-174)/(-24) + (f - s))?
6
Let v(l) = -20*l - 14. Let y be v(-6). Suppose 0 = r - 29 + 21. Let c = y + r. What is the hundreds digit of c?
1
Suppose 0 = -4*q + 16, 4*i - 8*i + q = -4. Suppose 5*u + t = 1908, -2*u + i*t = -u - 375. What is the hundreds digit of u?
3
Let g be ((-72)/(-10))/(2/10). Suppose 0 = 4*r - 41*s + 40*s + 102, -94 = 4*r + 3*s. What is the tens digit of (r - 1)*(-90)/g?
6
Suppose -9*w + 26122 + 616739 = 0. What is the tens digit of w?
2
Let o = -18648 + 31627. What is the ten thousands digit of o?
1
Suppose 3*i - y = 301, 4*i + y - 49 - 364 = 0. Suppose -i = -4*f - 22. Suppose -f = -4*n + 112. What is the tens digit of n?
3
Let o = 931 - 933. What is the hundreds digit of o/7 + 90650/343?
2
Let i = 69224 - 35756. What is the thousands digit of i?
3
Suppose 42*r + 29*r - 82740 = 41*r. What is the hundreds digit of r?
7
Suppose -d = -127 + 399. Let i = -144 - d. Suppose -3*s + 121 + i = 0. What is the tens digit of s?
8
Suppose 15*p - 459 = 24*p. Let v = p - -202. What is the units digit of v?
1
Let w be (12/5)/(-3*6/(-19395)). Let x = w - 1811. What is the hundreds digit of x?
7
Let p be (-1)/(-2 + 1)*13. Suppose 7 = -3*g + p. Suppose g*o - 74 - 162 = 0. What is the hundreds digit of o?
1
Let s = 96773 + -58323. What is the thousands digit of s?
8
Let h(q) = -q**3 - q**2 - q - 2. Let j be h(0). Let g(a) = -41*a + 3. Let t be g(j). Let z = t + -19. What is the tens digit of z?
6
Let t be (-3 + 4/6)*(-42)/(-7). What is the tens digit of (t/(-2) - -910) + 0 + 3?
2
Let j = 518 + -14. Let x = j - 23. What is the units digit of x?
1
Let w(r) = 113*r**2 - 77*r + 654. What is the ten thousands digit of w(20)?
4
Let p(m) = -3*m**2 - 49*m - 13. Let k be p(-16). What is the tens digit of -3 + 342/1 - k?
3
Suppose 3*l + 2*l - 4*y + 76 = 0, 32 = -l + 5*y. Let w = 34 + l. What is the units digit of w?
2
Let b be (42 + 1012)*(-2)/(-4). Suppose -b + 1411 = 2*v. What is the hundreds digit of v?
4
Let x(i) = 9*i + 11 + 4638*i**3 - 2*i**2 - 2*i**2 + 13*i**2 - 4637*i**3. Let z = 1 + -7. What is the tens digit of x(z)?
6
Let b(w) = -13*w + 17. Let h be b(-4). Suppose 0 = 74*x - h*x - 990. What is the hundreds digit of x?
1
Let h(y) = 5*y**2 - 1. Let q be h(-1). Suppose q*d - d = 18. Let f(l) = 7*l**2 - 20*l. What is the tens digit of f(d)?
3
Let s(q) = q**2 - 16*q + 66. Let b be s(8). Suppose -5*l + z + 79 = 2*z, 5*l - b*z = 67. What is the units digit of l?
5
Suppose -239392 = -45*f + 73182 + 998816. What is the tens digit of f?
4
What is the hundreds digit of ((-3)/6)/(17/(-133994))?
9
Let n(q) be the first derivative of -q**5/60 - 9*q**4/8 - 13*q**3/6 + 8*q**2 + 10. Let x(j) be the second derivative of n(j). What